(5 - 0)?
-1
What is 10 + -10 + -11 - 7 - (-3 - 1)?
-14
What is -18 + (-4 - 0) + 47 + 2?
27
Calculate 14 - (-20 + 9 - -20).
5
Evaluate (-20 - (-3 + -1 + (-26 - -26))) + 6.
-10
Calculate 12 - 11 - (1 + -11 + 11 + -7).
7
Calculate -2 + (-1 - (-1 + 3)) + (-3 - -5).
-3
35 + -1 + (155 - 179)
10
-2 - 15 - (-1 + 2 + (-50 - -46))
-14
Calculate -2 + 2 + -36 - (-33 + 6 - -21).
-30
-9 + -9 + (12 - 9) + 3
-12
Calculate -6 + 7 - 4 - -22 - (2 - -3).
14
Calculate 30 + -16 + -15 + (18 - 2).
15
What is the value of (19 - -32 - 28) + (-7 - -1)?
17
What is the value of 1 + -24 + -4 + (0 - -18 - 12)?
-21
What is the value of 3 + 10 + -27 + 17?
3
Evaluate (-43 + 31 - (-2 + -26)) + (6 - 3).
19
Evaluate 16 - -2 - (7 + 3 + 2 + -8).
14
Evaluate -2 + (-1 + 7 - (9 - (10 - 6))).
-1
What is 3 + (5 - (2 + 10)) + -1?
-5
Calculate -7 - (-16 - -9) - -7 - (-10 + 3).
14
What is the value of -12 + (1 - -10 - 2)?
-3
Evaluate (-12 - 1) + (1 + 5 - (-3 + 5)).
-9
What is (3 - -1) + 6 + -3 + -3?
4
Calculate 8 + -7 + 8 - 11.
-2
What is the value of 8 + (-32 + 6 - -13) + -12?
-17
Calculate (-1 - -17) + -7 + -4.
5
What is 0 - -1 - (24 - 33 - -3)?
7
What is (-105 - -106) + (-3 - -1) + (1 - 4)?
-4
What is 12 + -7 + 7 + -8?
4
34 + (39 - (-33 + 73))
33
What is the value of (28 - 40) + (-5 - -2 - -5 - -2)?
-8
Calculate (-9 - -2) + -65 + -57 + 127.
-2
What is the value of 11 + -8 + 7 - 3 - (0 + 3)?
4
What is -1 + -15 - (36 + 53 + -88)?
-17
What is 1 - (-2 + (10 - 9))?
2
Calculate -55 - -57 - (1 - (-9 - (2 + -3))).
-7
What is the value of (-37 - (-7 + 15)) + 25?
-20
-8 + 19 + (17 - 26)
2
What is -3 + 18 + -10 + -7 - 29?
-31
Evaluate 3 + -1 - 23 - (44 + -52).
-13
Calculate 36 + -46 + 60 + -13 + -8 + -1.
28
What is -623 + 664 + (1 - 27)?
15
What is the value of 264 - 257 - (2 + -2 - -9)?
-2
Calculate -1 + -5 + 19 + -14 + -24 + 3.
-22
What is the value of 2 - 8 - (12 + -25 + 13)?
-6
(4 - 1) + (-13 - (-8 - 4) - 15)
-13
What is -18 + (3 - 10) + (-2 - -18)?
-9
What is the value of -8 + ((-1 - 1) + -1 + 1 - 8)?
-18
What is the value of 5 - (1 + 0) - ((35 - -12) + -48)?
5
What is -4 + 21 - 3 - 3 - (-392 + 372)?
31
Evaluate (-24 - -15) + 5 - (-12 - -24).
-16
Calculate 6 - (-2 + 2) - (17 - 18).
7
What is (6 - 6) + (-9 - (-9 - -2))?
-2
What is 12 + 12 + 0 + (0 - (1 + 6))?
17
Calculate -6 + 23 + -8 + -4.
5
What is 5 + (14 - 11) - 20?
-12
Calculate -23 - (1 + 9 + -21).
-12
What is the value of (5 - 17) + (66 - 40)?
14
15 + -4 + -12 + 0
-1
Calculate 0 - 0 - (8 - 10 - (-23 - -9)).
-12
-6 - -8 - -5 - (-11 + 29)
-11
What is (-56 - (-113 - -51)) + -1 + -18?
-13
Evaluate -1 + (12 - 15) - (-17 - 0).
13
What is the value of -2 + 9 - (-8 + (18 - (-4 + 9)))?
2
Calculate (21 - 28) + -2 + -1 + -2 + 3.
-9
What is -12 + (-42 - -27) + 23?
-4
What is -1 - (-13 - -25 - (4 + -5))?
-14
What is the value of -6 + -5 - (-15 - (-6 - 0))?
-2
Evaluate 7 + 0 + -3 + 1 + -11.
-6
What is the value of -19 + 12 + (1 - -16 - 0)?
10
What is the value of -2 + -4 + 8 - (-7 + (-15 - -25))?
-1
Calculate (1 + -10 - -25) + -15.
1
What is (1 - -1) + (56 - 48) - -1?
11
Evaluate (-1 - (2 - (-6 - -6))) + 6.
3
What is the value of 20 + (-3 - 26) + 2 + -1 + 31?
23
What is the value of (0 - 8) + (-3 - 2) - (-35 - -28)?
-6
What is -8 - (4 + -25 + 16)?
-3
7 + -34 + (-8 - (9 + -31))
-13
What is (-5 + -4 - -2) + -23 + 16?
-14
Evaluate -6 + 1 - 1 - (-3 - 13 - -6).
4
Evaluate 0 + 9 + -4 + (-2 - -3) - -8.
14
What is 4 + (-5 - -5) + 4 + 2?
10
Evaluate -2 + 0 + (8 - -1).
7
Evaluate 239 + -265 + (1 - -2).
-23
Calculate -11 - (-7 + 9 + 4 + -11).
-6
What is 10 - (9 + (6 - (9 + -2)))?
2
Evaluate 7 + (25 + -11 + -2 - (0 + -3)).
22
What is -78 + 81 + -2 + 6 - -9?
16
What is 5 + (-30 - -19) + 13 - -6?
13
What is the value of 10 + 11 + -22 + 9 + (1 - -2)?
11
(-13 - -10) + 11 + 1 + -4
5
Evaluate 18 - 21 - (1 + 1) - (9 - 10).
-4
Calculate 3 + 0 - (-50 - -47).
6
Calculate -2 - (-13 + (6 - -12) + (3 - 1)).
-9
What is (7 + -10 - -12 - 7) + (9 - 5)?
6
Evaluate 15 + 16 - 51 - -31.
11
What is -131 + 132 + 1 + 0 + 5?
7
Evaluate 23 - 2 - 25 - (2 - -3).
-9
Calculate 3 + -18 + (304 - 301).
-12
13 + (25 - (41 + 17))
-20
Calculate -1 + (4 - 5) + -7 - 7.
-16
Evaluate -3 - (25 - (-31 + 27)).
-32
What is the value of -6 - (29 - 58 - -51)?
-28
6 + 0 + 96 + -91 + -4
7
1 + -2 - (-6 + -3 - -4)
4
Calculate -1 + 0 + -1 + (7 + -15 - -4).
-6
What is 45 - (48 - (-9 - -41))?
29
What is 0 - (-3 - -4 - -1 - (8 + -5))?
1
8 - ((-7 - -12) + 17 - 16)
2
9 + (35 - 49) + -23
-28
Evaluate 4 + (5 - -1 - (21 + -19)).
8
Evaluate -2 - -7 - (-250 - -254).
1
-11 - ((6 + -4 - 10) + -10)
7
Evaluate 0 - 16 - (-66 + 70 + 3 + -1).
-22
What is -5 + -11 - (175 - 207)?
16
What is the value of (5 - 22) + -4 + -5 + 5 + -3?
-24
What is the value of -5 - (-46 + 49 - (-2 - -3))?
-7
Calculate 15 + 14 + 1 - 5.
25
28 - ((3 - 4 - -3) + (-101 - -98))
29
What is -2 + 10 + -5 + 2 - -4 - 3?
6
Evaluate -5 - (12 + -20) - (3 + -2 - 12).
14
What is 8 + 13 + (-48 - -26)?
-1
1 + (15 - 14) + -6
-4
Evaluate 11 - 2 - 2 - (-44 - -46) - -4.
9
Calculate (27 + -5 - 13) + (0 - 4) - 9.
-4
What is (53 + -20 - (-1 + 11)) + -5?
18
Calculate -24 + (-5 - -21) + 0 + 1 + 4.
-3
What is -11 + 6 + 0 + 0 + (1 - 1)?
-5
Calculate -28 - (18 - 8 - 24).
-14
11 + (27 - 62 - -18)
-6
Calculate -4 + (0 - -6) + -10 - (-19 - -25).
-14
6 - 2 - (14 - (5 - -7))
2
Evaluate 25 - (-7 - -6) - 1.
25
What is the value of 24 - (-25 + (-11 - -44))?
16
Calculate -20 - 4 - -13 - (1 - (2 + -1)).
-11
-4 + 5 + (2 - 0) + 9
12
What is the value of 21 - (-1 + 5 + 6) - (-4 - 2)?
17
Evaluate (121 - (217 - 87)) + (-5 - 1 - 1).
-16
Calculate (11 - (-5 + -4 - -14)) + -12.
-6
(21 - (-11 + 25 - -1)) + 18 + -5
19
-39 + 31 + 8 + -6
-6
What is -27 + -2 + 910 + -845?
36
Evaluate 8 + (-14 - (-1 - (4 + 12 - 8))).
3
Evaluate 16 + 8 + 8 + -2 + 8 + -2.
36
What is 6 - -3 - 0 - (-102 + 98)?
13
Evaluate 12 + (10 - (9 - -1) - (-2 - -10)).
4
4 + (16 - (16 - 10 - 2))
16
What is the value of 43 + -36 + (-2 - 7)?
-2
What is 7 + (0 - -3) + (-1 - -5)?
14
15 - 12 - -12 - -3
18
What is the value of 14 - -6 - (25 + (32 - 67))?
30
What is the value of (-79 - -77) + (0 + 16 - (2 - 3))?
15
Evaluate (4 - 0 - (-15 - -5)) + (-12 - -19).
21
Calculate (-7 - 20) + 39 + (1 - 1).
12
Evaluate 6 + (-1 - 2) + 11 + (-41 - -18).
-9
What is -6 + 10 + (51 - 71)?
-16
Calculate (-8 - (5 + 4 + -23 + -5)) + 3.
14
What is 6 - (16 - (-5 - -7))?
-8
What is the value of -11 + (16 - 7) - -14?
12
(107 - 107) + (2 - (16 + -2))
-12
2 + 0 + 2 + (-7 - 0)
-3
Evaluate (-12 - -9) + (1 - -3 - -13) + -5.
9
What is 14 + -1 - (-412 - -430)?
-5
Evaluate (12 - -8 - 31) + 0 + -6.
-17
What is 7 - (-15 - (14 + -44))?
-8
-11 + (-2 - -77) + -40
24
Evaluate -13 - (-2 + -10 + 5 + 4).
-10
What is (-6 - 1) + (-12 - (0 - 6)) + 3?
-10
Evaluate (-52 - (-25 - 7)) + 15.
-5
What is the value of (11 + -14 - -9 - 0) + -23?
-17
Evaluate -5 + 12 + (0 - -1) + 0.
8
What is the value of (12 - 13) + (4 - 0) - (-1 + 8)?
-4
-5 + 8 + (-11 + -1 - (15 + -16))
-8
What is the value of 6 + 1 + 12 + -9?
10
Evaluate -30 - 7 - (-9 - 13).
-15
Calculate 14 - ((9 + 13 - 6) + 12).
-14
What is the value of 639 + -644 - (-1 - (2 - 2))?
-4
What is the value of 6 + -4 - (-2 - -18)?
-14
What is the value of -7 - (-3 - (-1 - -1)) - (30 - 19)?
-15
(0 + -4 - -2) + (-24 - (-15 - -8))
-19
What is the value of 28 - -2 - 16 - 28?
-14
What is 13 - 14 - (-5 + 3)?
1
Evaluate 7 + (53 + -27 - 22).
11
What is -2 + 4 + -7 - (-255 + 242)?
8
Calculate 2 + -20 + 76 + -47 + -43.
-32
Evaluate 1026 + -1027 + (0 - (2 + -2 + 2)).
-3
What is the value of 23 + (42 + -53 - 41)?
-29
Calculate 7 - (-21 + -7 + 19 - -14).
2
What is -11 - (-8 - -7) - (-12 + 4 + -37)?
35
What is the value of 0 + (20 - 2) + (253 - 240)?
31
Calculate 7 + -9 - -10 - 9.
-1
What is the value of 0 - (2 - (7 + -6 - 2))?
-3
-1 + -1 + 2 + 2 - -2 - -5
9
Evaluate -9 + 8 - (10 + -1).
-10
Evaluate (-9 - -19) + (-6 - (-3 + 0)).
7
What is 23 + 0 + (10 - 18) + 1?
16
19 - (9 + 4 + 11)
-5
What is (-15 + -64 - -32) + 15?
-32
Evaluate 15 - (-17 - -32) - (-18 + 8).
10
What is the value of -15 - (-31 - -9 - -11)?
-4
Calculate (7 + -4 - (2 + 12)) + (40 - 45).
-16
Evaluate -7 - (-8 + 3 - -9).
-11
Calculate 4 + -11 + -5 + -12 + 7.
-17
Evaluate (-13 - (-2 - (-2 + 7))) + -2.
-8
Calculate (-11 + -11 + 2 + 34 - 3) + -34.
-23
What is the value of -21 + 11 + 26 + (6 - 29